 in base 11?
-305
Convert 1061 (base 7) to base 8.
602
What is 246 (base 8) in base 15?
b1
Convert -33400 (base 5) to base 7.
-6565
Convert -2550 (base 7) to base 10.
-966
What is 111111001011 (base 2) in base 15?
12e8
-937a (base 11) to base 7
-51144
Convert -2 (base 10) to base 9.
-2
-127615 (base 8) to base 15
-d4b1
-a1b (base 15) to base 16
-8e4
Convert 10001101000 (base 2) to base 10.
1128
Convert 452 (base 7) to base 14.
129
131503 (base 6) to base 14
4579
Convert 38d (base 15) to base 2.
1100101000
What is -875 (base 10) in base 13?
-524
-10272 (base 8) to base 9
-5777
-870 (base 13) to base 9
-1873
What is -2177 (base 8) in base 12?
-7bb
Convert 2ce (base 15) to base 13.
3a7
-60365 (base 9) to base 14
-10656
236 (base 15) to base 5
4001
-23a (base 15) to base 12
-361
Convert -3312 (base 4) to base 9.
-303
-11011010001 (base 2) to base 5
-23440
What is -5622 (base 16) in base 12?
-10916
-669 (base 11) to base 4
-30201
What is 340 (base 6) in base 12?
b0
What is -25300 (base 6) in base 11?
-2927
What is 3145 (base 6) in base 7?
2036
Convert 555 (base 10) to base 16.
22b
Convert 220212002 (base 3) to base 16.
46c7
2704 (base 9) to base 3
2210011
Convert -158b (base 12) to base 7.
-10310
Convert -40c (base 14) to base 10.
-796
Convert -24b (base 12) to base 9.
-425
7724 (base 13) to base 14
6092
What is 100101111000 (base 2) in base 11?
1904
Convert -48bb (base 13) to base 12.
-5b5a
What is 25b (base 13) in base 16?
19e
Convert -76 (base 14) to base 13.
-80
7064 (base 9) to base 5
131121
81473 (base 9) to base 16
d167
1202121020 (base 3) to base 12
180b9
Convert 234 (base 10) to base 9.
280
Convert d341 (base 16) to base 2.
1101001101000001
Convert -1613 (base 8) to base 3.
-1020121
What is -35143 (base 8) in base 7?
-61402
What is 2ba (base 14) in base 8?
1054
4332 (base 7) to base 3
2010010
-10cb (base 14) to base 12
-1837
Convert -580 (base 14) to base 3.
-1111110
What is 2211 (base 11) in base 15?
ce6
12303 (base 4) to base 6
2003
4285 (base 10) to base 6
31501
1222 (base 12) to base 7
5645
What is 2056 (base 7) in base 8?
1327
263 (base 9) to base 7
432
-353 (base 7) to base 8
-271
-10000011110 (base 2) to base 5
-13204
111010011111 (base 2) to base 3
12010122
Convert -1474 (base 9) to base 12.
-794
Convert 4416 (base 13) to base 10.
9483
Convert -1875 (base 15) to base 7.
-21260
Convert -314032 (base 6) to base 13.
-b7c2
What is -20263 (base 10) in base 6?
-233451
What is -10134 (base 6) in base 5?
-20404
What is -3011133 (base 4) in base 12?
-7393
282 (base 15) to base 8
1074
-147 (base 13) to base 7
-444
What is -3a2 (base 15) in base 2?
-1100111011
Convert ba44 (base 12) to base 16.
5014
33391 (base 11) to base 15
e504
Convert -718 (base 14) to base 7.
-4031
-29737 (base 11) to base 4
-22102210
What is 20144 (base 6) in base 10?
2656
-220250 (base 6) to base 3
-221000210
Convert 1b4a (base 16) to base 11.
5281
Convert -2121000020 (base 3) to base 2.
-1100011101011100
-1265 (base 8) to base 2
-1010110101
What is 10101111010 (base 2) in base 9?
1827
What is -16202 (base 7) in base 16?
-11cf
-b72 (base 13) to base 10
-1952
What is -59a (base 13) in base 11?
-804
What is 1a80c (base 14) in base 6?
1240112
What is -535 (base 15) in base 6?
-5235
22210 (base 4) to base 5
10201
What is 382 (base 14) in base 10?
702
Convert 1030142 (base 6) to base 4.
30112232
-31 (base 16) to base 12
-41
Convert 1002 (base 5) to base 6.
331
What is -100330 (base 4) in base 9?
-1434
Convert -102231 (base 4) to base 9.
-1570
Convert -29b (base 15) to base 8.
-1124
2000122012 (base 3) to base 13
1518b
Convert 1000101110000001 (base 2) to base 4.
20232001
8bb6 (base 12) to base 15
4916
Convert 233123 (base 5) to base 2.
10000101011010
-957 (base 10) to base 3
-1022110
113322 (base 6) to base 5
303332
What is 22010001 (base 3) in base 13?
28cc
Convert -96a9 (base 14) to base 7.
-135602
-15172 (base 8) to base 11
-5102
2080 (base 15) to base 2
1101011010110
What is 2e03 (base 15) in base 5?
304103
37 (base 9) to base 2
100010
What is -a98 (base 15) in base 5?
-34033
-2223 (base 9) to base 6
-11333
What is 2487 (base 14) in base 11?
4890
What is -10031 (base 6) in base 2?
-10100100011
350 (base 14) to base 15
2dd
What is -536d (base 16) in base 13?
-994b
Convert -10111000001 (base 2) to base 9.
-2016
Convert c75 (base 16) to base 4.
301311
c85 (base 14) to base 13
117c
What is 100101022 (base 4) in base 6?
1232254
Convert 1011100000 (base 2) to base 3.
1000021
What is -369 (base 11) in base 13?
-279
What is -55a (base 14) in base 6?
-4524
Convert 588 (base 10) to base 16.
24c
What is 6b7 (base 13) in base 2?
10010001100
What is -3409 (base 14) in base 8?
-21501
Convert -12102 (base 11) to base 7.
-101543
What is a81 (base 15) in base 3?
10020211
Convert -102102 (base 4) to base 5.
-14140
41b (base 12) to base 2
1001010111
102210 (base 4) to base 15
543
2200 (base 4) to base 12
114
What is -6dc2 (base 14) in base 9?
-28273
Convert -2a2 (base 15) to base 4.
-21122
18c (base 15) to base 9
436
What is -3033220 (base 4) in base 10?
-13288
Convert 13505 (base 7) to base 15.
1155
Convert 25c2b (base 13) to base 14.
1b804
What is -8068 (base 15) in base 16?
-69da
What is 2a9 (base 12) in base 3?
120110
Convert 11398 (base 12) to base 5.
1214022
What is 110001001110 (base 2) in base 4?
301032
1412034 (base 5) to base 11
1a891
Convert -719 (base 15) to base 13.
-960
Convert 502 (base 13) to base 3.
1011101
What is 3435 (base 15) in base 11?
8359
Convert 999 (base 10) to base 14.
515
What is -10122 (base 6) in base 13?
-7c7
-1483 (base 11) to base 4
-131302
322 (base 7) to base 11
139
What is -10000000 (base 2) in base 3?
-11202
Convert 721 (base 8) to base 12.
329
What is -131 (base 11) in base 16?
-9b
a63 (base 11) to base 2
10011111111
What is -157 (base 10) in base 2?
-10011101
What is -11011101000 (base 2) in base 11?
-1368
-a (base 11) to base 3
-101
Convert -222102 (base 3) to base 7.
-2036
-8449 (base 10) to base 9
-12527
What is -42020 (base 5) in base 11?
-208a
What is 1001001 (base 2) in base 5?
243
What is -1001111 (base 2) in base 16?
-4f
Convert -46244 (base 9) to base 2.
-111100001100100
What is 25222 (base 8) in base 12?
6382
-139c (base 15) to base 7
-15144
What is 1001001100001111 (base 2) in base 4?
21030033
-1558 (base 13) to base 9
-4241
Convert 10101111100 (base 2) to base 10.
1404
-50 (base 9) to base 3
-1200
135 (base 8) to base 14
69
What is 2102 (base 6) in base 5?
3340
Convert -1160 (base 12) to base 6.
-13000
What is -184 (base 13) in base 3?
-101021
What is -111101011011 (base 2) in base 14?
-160b
What is 1bd6 (base 16) in base 11?
5399
Convert 175 (base 16) to base 6.
1421
1011100000011101 (base 2) to base 14
13269
Convert 3002 (base 4) to base 6.
522
-252 (base 11) to base 5
-2144
315 (base 15) to base 16
2b7
What is 5957 (base 10) in base 8?
13505
Convert -165 (base 7) to base 6.
-240
What is 10012021 (base 3) in base 12?
1421
11231311 (base 4) to base 2
101101101110101
565 (base 10) to base 7
1435
3120041 (base 5) to base 3
2121022221
5778 (base 12) to base 15
2d45
Convert 10011011011 (base 2) to base 15.
57d
2201000220 (base 3) to base 15
10b96
Convert 28a (base 13) to base 4.
13010
What is 3432 (base 8) in base 13?
a9b
6431 (base 14) to base 2
100001110001011
What is 8a9 (base 16) in base 7?
6315
What is 573 (base 14) in base 8?
2071
What is -1765 (base 9) in base 6?
-10135
What is 27767 (base 8) in base 7?
50541
4121 (base 5) to base 8
1030
33 (base 14) to base 3
1200
Convert -18928 (base 11) to base 16.
-6728
-40ca (base 14) to base 16
-2b92
Convert 805 (base 12) to base 15.
522
Convert 10303 (base 4) to base 12.
217
-31004 (base 6) to base 11
-30a5
Convert -1988 (base 10) to base 3.
-2201122
What is 879 (base 12) in base 5?
14440
139 (base 14) to base 15
117
What is 10312 (base 5) in base 10?
707
-14202 (base 10) to base 13
-6606
-1e2a (base 15) to base 13
-2cb0
What is -110212112 (base 3) in base 15?
-2ba8
138 (base 12) to base 14
d6
Convert -9b (base 16) to base 3.
-12202
What is -2 (base 7) in base 2?
-10
Convert -43b (base 16) to base 6.
-5003
Convert 1001100000001 (base 2) to base 7.
20120
Convert -11132 (base 7) to base 15.
-c7b
What is -2444440 (base 5) in base 2?
-1011011100010110
-5938 (base 15) to base 4
-10220021
-1471